/(-588)). What is the highest common divisor of 21 and i?
21
Let v(o) = o**2 - 30. Let w be v(6). Calculate the greatest common factor of 2 and w.
2
Let q be (-3 - 11/(-4))*-460. What is the highest common factor of q and 69?
23
Suppose 149 = 5*s - 4*g + 17, -s + 2*g + 24 = 0. Suppose 15 + 13 = 4*q. Calculate the greatest common factor of q and s.
7
Let c(b) = -2*b - 6. Let x(i) = 2*i + 7. Let t(w) = -3*c(w) - 2*x(w). Let f be t(2). Calculate the greatest common factor of 64 and f.
8
Let p = 14 - 4. Let c(g) = g**3 - 10*g**2 - g + 11. Let v be c(p). Calculate the greatest common divisor of 7 and v.
1
Let f be 1270/15 + (-2)/(-6). What is the highest common divisor of 17 and f?
17
Let q be (1/(-2))/((-1)/2). Let v(h) = q + 1 + h + 5. Let n be v(-5). Calculate the greatest common divisor of n and 2.
2
Let a(q) = -q**3 - 8*q**2 - 6*q + 10. Let b be a(-7). Suppose -2*h = -b*h + 6. Let z be 3*4/h - 0. Calculate the greatest common divisor of z and 3.
1
Let f(u) = -u**2 + 2*u + 2. Let w be f(2). Let d be 5 + 0/(-1) + w. What is the greatest common factor of d and 35?
7
Let t = 17 - 4. Let f(h) = -h**2 - 7*h + 1. Let j be (-4)/(-3)*18/(-6). Let n be f(j). Calculate the greatest common divisor of t and n.
13
Let b be (-8)/10*(-5 - 0). Suppose -4*y - 3 = -5*m, 5*y = 3*m + 2 + b. Let d be -2*(3 - 4 - 0). Calculate the highest common factor of m and d.
1
Let v(g) = 39*g + 16. Let a be v(8). What is the greatest common factor of 41 and a?
41
Suppose -g - 3*o = -45, -g - 19 = o - 58. Let d = 28 + g. Calculate the highest common factor of d and 8.
8
Let m(y) = y**3 + 8*y**2 + 5*y + 9. Let c be m(-7). Suppose 206 = 4*r + 2*v, 0 + 9 = -3*v. Let z = r - c. Calculate the highest common divisor of 12 and z.
6
Let x be ((12/10)/(-3))/(2/(-30)). What is the highest common divisor of x and 72?
6
Let f be (-4)/(188/48 + -4). Let c be (8 - 2)*(-4)/(-6). Let o(d) = 2*d + 4. Let j be o(c). Calculate the greatest common divisor of j and f.
12
Let l = -6 + 7. Calculate the greatest common factor of l and 7.
1
Let v(q) = -q - 3. Let r be v(3). Let a = 9 + r. Suppose -3*s - 20 = -119. What is the greatest common divisor of a and s?
3
Let t be 0 + (-4 - 1) - -1. Let j = -2 - t. Suppose s + 2*g - 3*g = 40, 3*s + j*g = 130. Calculate the greatest common factor of 6 and s.
6
Let t = -8 - -35. Let v(y) = y**2 + 2*y - 7. Let w be v(-6). Let k = t - w. Calculate the highest common divisor of 25 and k.
5
Let h(l) = l**3 + 15*l**2 - 7*l - 8. Let w be h(-14). What is the greatest common divisor of w and 26?
26
Let b = 6 - 4. Let z be 3 - (b + -26 + 0). What is the greatest common factor of z and 216?
27
Suppose r = -0*r + 32. Let q = r - 10. What is the highest common divisor of 22 and q?
22
Let q = 176 + -134. Calculate the greatest common factor of q and 105.
21
Suppose 0*f - 40 = -4*f. Suppose 0*u + u - f = 0. What is the greatest common factor of 50 and u?
10
Let l be 2/(-10) + (-228)/(-15). Let n be ((-1)/(-2))/((-7)/(-42)). Suppose n*w - 4*w = -5. Calculate the highest common factor of l and w.
5
Let k(z) = z**2 - 2. Let s be k(-2). Suppose 3*x - 2 = 5*y - 1, 0 = s*x - 5*y + 1. Calculate the greatest common factor of x and 4.
2
Suppose -4 + 8 = -2*y. Let a(t) = 2*t**2 - 1. Let q be a(y). Calculate the greatest common divisor of q and 77.
7
Let u(r) = r**3 - 7*r**2 - 7*r - 10. Let s be u(10). What is the highest common divisor of 20 and s?
20
Let w be -2 - (-2166)/3 - 0. Suppose w = 4*h + h. Let y(t) = 4*t. Let c be y(4). Calculate the highest common divisor of h and c.
16
Suppose 3*h + 105 = 8*h. What is the greatest common factor of h and 7?
7
Let j(l) = l**3 + 3*l**2 - 6*l - 5. Let i be j(-4). Calculate the highest common divisor of 3 and i.
3
Let z(u) = 0*u + 5*u**2 - 4*u**2 + 6 - 3*u. Let g be z(5). Calculate the greatest common divisor of 24 and g.
8
Let o be (-4)/14 - (-92)/28. Suppose -5*v = -o*u + 125, -3*u + 5*u + 2*v - 94 = 0. Calculate the highest common divisor of 30 and u.
15
Let c be ((-15)/(-20))/((-3)/48)*-6. Calculate the greatest common divisor of 8 and c.
8
Suppose -3*v - 25 = -4*f - 0*v, -3*f - 4*v = 0. Suppose 2 - 106 = -f*m. What is the highest common factor of m and 39?
13
Let h(t) = -t**3 - 7*t**2 - 12*t - 21. Let c be h(-6). Let v be 3/2*(-8)/(-4). Calculate the highest common divisor of v and c.
3
Suppose -2*s + 4*s = -10. Let a be s*1/(10/(-48)). Calculate the greatest common factor of 12 and a.
12
Let h be 3/9 + 70/6. Suppose 0 = -2*z - 8 + 12. Let j be (32/(-20))/(z/(-75)). Calculate the greatest common divisor of j and h.
12
Let l(q) = -q**2 - 8*q - 3. Let w be l(-5). Let d be 3 + -3 - (-6 - 1). Let m be 30/d + (-4)/14. What is the greatest common factor of w and m?
4
Suppose 4*r - 4 = q + 15, -7 = -r - 2*q. Suppose 5*c - 29 = -p, -4*c + c = r*p - 13. What is the highest common factor of 54 and c?
6
Let j be (61 + -1)/(9/6). Calculate the greatest common factor of 5 and j.
5
Let y(d) = 10*d - 1. Let o be y(1). Suppose -v + 12 = 3*v. Suppose -5*g + 15 = -4*h, v*g = -g - 5*h + 12. What is the highest common factor of g and o?
3
Let b = 437 - 261. Let z be 23 + 2 + (-5 - -2). Calculate the highest common divisor of b and z.
22
Let p(k) = -k**3 - 7*k**2 - 11*k - 12. Let l be p(-6). Calculate the highest common factor of l and 18.
18
Let h(u) = 4 + 1 + 3*u - 1. Let k be h(10). Let g = k + -20. Calculate the highest common divisor of g and 112.
14
Suppose -3*u = -c + 18, -u - 142 + 26 = -4*c. Let v(a) = -a**3 + a + 2. Let x be v(-1). Let w be x + 7 - 6/(-2). What is the highest common factor of w and c?
6
Let m(k) = -4*k - 4. Let j be m(-6). Let o(q) = 4*q**2 + 34*q - 30. Let n be o(-10). What is the highest common factor of j and n?
10
Suppose z = 3*u + 4, 4*u + 5*z - 2*z + 27 = 0. Let q be (4/u)/((-4)/12). What is the highest common divisor of q and 8?
4
Let j be (171/6)/((-3)/(-4)). Let f = 5 + -5. Let a(q) = -q**3 + q**2 + 19. Let v be a(f). What is the greatest common factor of v and j?
19
Let l(q) = -4*q**2 + 13*q - 18. Let x(o) = 3*o**2 - 12*o + 17. Let r(a) = -5*l(a) - 6*x(a). Let k be r(-6). Calculate the highest common factor of k and 27.
9
Let v = -57 + 28. Let d = -9 - v. Suppose -3*j = -z + 34, 2*z - j = 28 + d. What is the highest common factor of 33 and z?
11
Let v(f) = -f**3 + 8*f**2 + 5*f + 6. Let j be v(8). Suppose 5*n = -2*u - u + 55, 0 = -4*n - 2*u + j. What is the highest common factor of n and 98?
14
Suppose -52 = -4*f + 3*x, 5*f - 4*x - 65 = -0*f. What is the highest common factor of f and 117?
13
Let r(s) = -s**3 - 5*s**2 - 7*s - 6. Let m be r(-4). Suppose m*n - n = 10. Calculate the highest common factor of n and 4.
2
Suppose -1 = t + 5. Let p be (-4)/t + 914/6. What is the highest common divisor of p and 17?
17
Let d = 35 - 17. Calculate the greatest common divisor of d and 27.
9
Let j = 53 + -37. Calculate the highest common factor of j and 2.
2
Let j = -85 + 88. Calculate the greatest common divisor of 4 and j.
1
Suppose -5*f + 30 = -2*q, -3*f = -3*q - 9 - 9. Let t be (-244)/(-12) - 2/f. What is the greatest common factor of 4 and t?
4
Let k(v) = -v**2 - 10*v - 8. Let d be k(-8). What is the greatest common divisor of 6 and d?
2
Let x be -7*-3*(-8)/(-84). What is the highest common factor of 16 and x?
2
Suppose 489 = 3*u + 2*m, 5*u - 5*m - 968 + 128 = 0. Calculate the greatest common factor of u and 15.
15
Suppose k = s - 114, -4*k - 236 = -2*s - 0*k. Suppose -13 + 33 = 2*x. Calculate the highest common divisor of x and s.
10
Let t be 3 - 1/(-2)*134. What is the greatest common factor of 14 and t?
14
Suppose 0*z - 2 = 2*z. Let b = z - -6. Let x(n) = -5*n - 48. Let p be x(-10). What is the greatest common divisor of p and b?
1
Let u be (-1)/(-3) + (-781)/(-33). What is the highest common factor of 12 and u?
12
Let w(f) = -8*f + 12. Let b be w(-8). What is the greatest common factor of 19 and b?
19
Suppose w + 2*h - 3 = 0, -5*h + 27 = 5*w - 13. Suppose v = -0*v + 2*o + 56, -3*o + 202 = 4*v. Calculate the greatest common divisor of v and w.
13
Let s = -8 - -12. Let f = s + 3. Let c = -107 + 184. Calculate the greatest common factor of c and f.
7
Let p = -32 + 67. Let n(j) = j. Let o be n(-2). Let r(v) = -2*v**3 - v**2 - 2*v - 2. Let z be r(o). What is the highest common factor of p and z?
7
Suppose -38 - 226 = -8*s. Calcula